{"id":145,"date":"2021-03-05T14:29:03","date_gmt":"2021-03-05T14:29:03","guid":{"rendered":"https:\/\/www.grace-initiative.eu\/?page_id=145"},"modified":"2021-06-14T15:28:04","modified_gmt":"2021-06-14T15:28:04","slug":"parteneri","status":"publish","type":"page","link":"https:\/\/www.grace-initiative.eu\/?page_id=145&lang=ro","title":{"rendered":"Parteneri"},"content":{"rendered":"\t<!-- wpshopmart team builder wrapper -->\r\n\t<div class=\"wpsm_team_2_b_row\" id=\"wpsm_team_2_b_row_531\">\r\n\t\t<div class=\"wpsm_row\">  \r\n\t\t\t<style>\r\n\t\t\t#wpsm_team_2_b_row_531 .wpsm_team_2_member_wrapper_inner h3{\r\n\t\t\t\tcolor:#000000 !important;\r\n\t\t\t\tfont-size:20px !important;\r\n\t\t\t\tfont-family:Arial !important;\r\n\t\t\t}\r\n\t\t\t\r\n\t\t\t#wpsm_team_2_b_row_531 .wpsm_team_2_b_desig{\r\n\t\t\t\tcolor:#000000 !important;\r\n\t\t\t\tfont-size:14px !important;\r\n\t\t\t\tfont-family:Arial !important;\r\n\t\t\t}\r\n\t\t\t#wpsm_team_2_b_row_531 .wpsm_team_2_b_desc{\r\n\t\t\t\tcolor:#000000 !important;\r\n\t\t\t\tfont-size:14px !important;\r\n\t\t\t\tfont-family:Arial !important;\r\n\t\t\t}\r\n\t\t\t#wpsm_team_2_b_row_531 .wpsm_team_2_social_div a i{\r\n\t\t\t\tcolor:#ee217f !important;\r\n\t\t\t\tborder-color:#ee217f !important;\r\n\t\t\t}\r\n\t\t\t#wpsm_team_2_b_row_531 .wpsm_team_2_member_wrapper{\r\n\t\t\t\tbackground:#ffffff !important;\r\n\t\t\t}\r\n\t\t\t\t\t\t<\/style>\r\n\t\t\t\t\t\t \r\n\t\t\t\t\t\r\n\t\t\t\t\t\r\n\t\t\t\t\t<div class=\"wpsm_col-md-6 wpsm_col-sm-6  wpsm-col-div\">\r\n\t\t\t\t\t\t<div class=\"wpsm_team_2_member_wrapper\">\r\n\t\t\t\t\t\t\t<img decoding=\"async\" class=\"img-responsive wpsm_team_2_mem_img\" src=\"https:\/\/www.grace-initiative.eu\/wp-content\/uploads\/2021\/04\/Ajuste-Logotipo_3-01.png\" alt=\"Asociatia European Association for Social Inovation\">\r\n\t\t\t\t\t\t\t<div class=\"wpsm_team_2_member_wrapper_inner\">\r\n\t\t\t\t\t\t\t\t<h3>\r\n\t\t\t\t\t\t\t\t\tAsociatia European Association for Social Inovation\t\t\t\t\t\t\t\t<\/h3>\r\n\t\t\t\t\t\t\t\t<span class=\"wpsm_team_2_b_desig\"> Romania <\/span> \t\t\t\t\t\t\t\t<div class=\"wpsm_team_2_social_div\">\r\n\t\t\t\t\t\t\t\t\t<a href=\"https:\/\/www.facebook.com\/easiromania\" target=\"_blank\" title=\"facebook profile\"><i class=\"fa fa-facebook\"><\/i><\/a> \t\t\t\t\t\t\t\t\t\t\t\t\t\t\t\t\t\t\t\t\t\t\t\t\t\t\t\t\t\t\t\t\t\t\t<\/div>\r\n\t\t\t\t\t\t\t\t<p class=\"wpsm_team_2_b_desc\"> EaSI, European Association for Social Innovation reprezint\u0103 peste 30 de organiza\u021bii din 15 \u021b\u0103ri europene \u0219i vizeaz\u0103 avansarea inov\u0103rii sociale \u00een Europa. Ac\u021biunile EaSI constau \u00een: \r\n\u2022 Proiectarea \u0219i implementarea cercet\u0103rii \u0219i dezvolt\u0103rii \u0219i a proiectelor pilot \r\n\u2022 Identificarea \u0219i diseminarea celor mai bune practici de inovare social\u0103 \r\n\u2022 Acordarea de subven\u021bii \u0219i burse cu privire la practicile, procesele \u0219i sistemele de inovare social\u0103 dezvoltate \u00een mediul urban \u0219i rural servicii, sectorul al treilea \u0219i sectorul privat. EaSI este un partener cheie la nivel european, gener\u00e2nd idei de inovare social\u0103 \u0219i disemin\u00e2nd bune practici.\r\n<br> <br>\r\nContact: secretariat@easi-socialinnovation.org <br>\r\nWebsite: <a href=\"http:\/\/easi-socialinnovation.org\">www.easi-socialinnovation.org<\/a> <\/p> \t\t\t\t\t\t\t\t\r\n\t\t\t\t\t\t\t<\/div>\r\n\t\t\t\t\t\t<\/div>\r\n\t\t\t\t\t<\/div>\r\n\t\t\t\t\t\r\n\t\t\t\t\t\t\t\t\t\t\t\t\t \r\n\t\t\t\t\t\r\n\t\t\t\t\t\r\n\t\t\t\t\t<div class=\"wpsm_col-md-6 wpsm_col-sm-6  wpsm-col-div\">\r\n\t\t\t\t\t\t<div class=\"wpsm_team_2_member_wrapper\">\r\n\t\t\t\t\t\t\t<img decoding=\"async\" class=\"img-responsive wpsm_team_2_mem_img\" src=\"https:\/\/www.grace-initiative.eu\/wp-content\/uploads\/2021\/04\/Clio-Muse-Tours-1025x869_72dpi_140KB.jpg\" alt=\"Clio Muse Etairia Anaptixis Efarmogon Gia Ton Politismo Ike\">\r\n\t\t\t\t\t\t\t<div class=\"wpsm_team_2_member_wrapper_inner\">\r\n\t\t\t\t\t\t\t\t<h3>\r\n\t\t\t\t\t\t\t\t\tClio Muse Etairia Anaptixis Efarmogon Gia Ton Politismo Ike\t\t\t\t\t\t\t\t<\/h3>\r\n\t\t\t\t\t\t\t\t<span class=\"wpsm_team_2_b_desig\"> Grecia <\/span> \t\t\t\t\t\t\t\t<div class=\"wpsm_team_2_social_div\">\r\n\t\t\t\t\t\t\t\t\t<a href=\"https:\/\/www.facebook.com\/cliomusetours\" target=\"_blank\" title=\"facebook profile\"><i class=\"fa fa-facebook\"><\/i><\/a> \t\t\t\t\t\t\t\t\t\t\t\t\t\t\t\t\t\t<a href=\"https:\/\/www.linkedin.com\/company\/clio-muse\/\" target=\"_blank\" title=\"linkedin profile\"><i class=\"fa fa-linkedin\"><\/i><\/a>\t\t\t\t\t\t\t\t\t<a href=\"https:\/\/www.instagram.com\/cliomusetours\/\" target=\"_blank\" title=\"instagram profile\"><i class=\"fa fa-instagram\"><\/i><\/a>\t\t\t\t\t\t\t\t<\/div>\r\n\t\t\t\t\t\t\t\t<p class=\"wpsm_team_2_b_desc\"> Clio Muse Tours, o companie IT finan\u021bat\u0103 \u00een VC, cu sediul \u00een Atena, finan\u021bat\u0103 \u00een 2014 \u0219i permite profesioni\u0219tilor s\u0103 creeze tururi audio \/ virtuale \/ f\u0103r\u0103 a\u0219teptat la coad\u0103 autoguidate prin intermediul platformei noastre online de autor, urm\u00e2nd metodologia noastr\u0103 premiat\u0103 de storytelling. Tururile sunt apoi listate pe toate OTA-urile majore (de exemplu, TripAdvisor, GetYourGuide, Expedia, Booking.com, Musement etc.) pentru a putea fi rezervate de c\u0103l\u0103tori. Obiectivul companiei este de a construi instrumente tehnologice de ultim\u0103 genera\u021bie \u0219i de a le utiliza pentru a face patrimoniul cultural mondial disponibil pentru un public larg. Clio Muse Tours a fost desemnat c\u00e2\u0219tig\u0103tor pentru SDG8 - \u201eLocuri bune de munc\u0103 \u0219i cre\u0219tere economic\u0103\u201d (Good jobs and economic growth) \u00een competi\u021bia global\u0103 de lansare a UNWTO din februarie 2021, printre 10.000 de candida\u021bi.\r\n<br> <br>\r\nContact: innovation@cliomusetours.com <br>\r\nWebsite: <a href=\"https:\/\/cliomusetours.com\/\">www.cliomusetours.com<\/a> <\/p> \t\t\t\t\t\t\t\t\r\n\t\t\t\t\t\t\t<\/div>\r\n\t\t\t\t\t\t<\/div>\r\n\t\t\t\t\t<\/div>\r\n\t\t\t\t\t\r\n\t\t\t\t\t\t\t\t\t\t\t<\/div>\r\n\t\t\t\t\t\t<div class=\"wpsm_row\">\r\n\t\t\t\t\t\t\t\t\t\t\t\t\t\t \r\n\t\t\t\t\t\r\n\t\t\t\t\t\r\n\t\t\t\t\t<div class=\"wpsm_col-md-6 wpsm_col-sm-6  wpsm-col-div\">\r\n\t\t\t\t\t\t<div class=\"wpsm_team_2_member_wrapper\">\r\n\t\t\t\t\t\t\t<img decoding=\"async\" class=\"img-responsive wpsm_team_2_mem_img\" src=\"https:\/\/www.grace-initiative.eu\/wp-content\/uploads\/2021\/03\/font_dark.png\" alt=\"Consultor\u00eda de Innovaci\u00f3n Social\">\r\n\t\t\t\t\t\t\t<div class=\"wpsm_team_2_member_wrapper_inner\">\r\n\t\t\t\t\t\t\t\t<h3>\r\n\t\t\t\t\t\t\t\t\tConsultor\u00eda de Innovaci\u00f3n Social\t\t\t\t\t\t\t\t<\/h3>\r\n\t\t\t\t\t\t\t\t<span class=\"wpsm_team_2_b_desig\"> Spania <\/span> \t\t\t\t\t\t\t\t<div class=\"wpsm_team_2_social_div\">\r\n\t\t\t\t\t\t\t\t\t<a href=\"https:\/\/www.facebook.com\/consultoriadeinnovacionsocial\" target=\"_blank\" title=\"facebook profile\"><i class=\"fa fa-facebook\"><\/i><\/a> \t\t\t\t\t\t\t\t\t\t\t\t\t\t\t\t\t\t<a href=\"https:\/\/www.linkedin.com\/company\/consultora-de-innovacin-social\/\" target=\"_blank\" title=\"linkedin profile\"><i class=\"fa fa-linkedin\"><\/i><\/a>\t\t\t\t\t\t\t\t\t\t\t\t\t\t\t\t\t<\/div>\r\n\t\t\t\t\t\t\t\t<p class=\"wpsm_team_2_b_desc\"> Metode inovatoare \u00een educa\u021bie \u0219i asisten\u021b\u0103 social\u0103. Activit\u0103\u021bile asocia\u021biei non-profit Caminos fondat\u0103 \u00een 2014 sunt dedicate domeniului educa\u021biei. Principalele obiective includ \u00eencurajarea schimbului \u0219i comunic\u0103rii, \u00eembun\u0103t\u0103\u021birea oportunit\u0103\u021bilor individuale de dezvoltare \u0219i sprijinirea incluziunii sociale a grupurilor expuse riscului. \u201eCaminos\u201d ar trebui s\u0103 indice importan\u021ba g\u0103sirii de noi c\u0103i pentru a ne atinge obiectivele, pentru a descoperi resurse individuale \u0219i oportunit\u0103\u021bi de a dep\u0103\u0219i \u00eempreun\u0103 provoc\u0103rile reale.\r\n<br> <br>\r\nContact: info@cis-es.org <br>\r\nWebsite: <a href=\"https:\/\/www.cis-es.org\/\">www.cis-es.org<\/a> <\/p> \t\t\t\t\t\t\t\t\r\n\t\t\t\t\t\t\t<\/div>\r\n\t\t\t\t\t\t<\/div>\r\n\t\t\t\t\t<\/div>\r\n\t\t\t\t\t\r\n\t\t\t\t\t\t\t\t\t\t\t\t\t \r\n\t\t\t\t\t\r\n\t\t\t\t\t\r\n\t\t\t\t\t<div class=\"wpsm_col-md-6 wpsm_col-sm-6  wpsm-col-div\">\r\n\t\t\t\t\t\t<div class=\"wpsm_team_2_member_wrapper\">\r\n\t\t\t\t\t\t\t<img decoding=\"async\" class=\"img-responsive wpsm_team_2_mem_img\" src=\"https:\/\/www.grace-initiative.eu\/wp-content\/uploads\/2021\/04\/CWC_LOGO_BLUE.png\" alt=\"Canary Wharf Consulting Limited\">\r\n\t\t\t\t\t\t\t<div class=\"wpsm_team_2_member_wrapper_inner\">\r\n\t\t\t\t\t\t\t\t<h3>\r\n\t\t\t\t\t\t\t\t\tCanary Wharf Consulting Limited\t\t\t\t\t\t\t\t<\/h3>\r\n\t\t\t\t\t\t\t\t<span class=\"wpsm_team_2_b_desig\"> Regatul Unit <\/span> \t\t\t\t\t\t\t\t<div class=\"wpsm_team_2_social_div\">\r\n\t\t\t\t\t\t\t\t\t\t\t\t\t\t\t\t\t\t\t\t\t\t\t\t\t\t\t\t\t\t\t\t\t\t\t\t\t\t\t\t\t\t\t\t<\/div>\r\n\t\t\t\t\t\t\t\t<p class=\"wpsm_team_2_b_desc\"> Canary Wharf Consulting Limited este o companie de consultan\u021b\u0103 britanic\u0103, care, \u00eenc\u0103 de la \u00eenceputurile sale, a reu\u0219it s\u0103 \u00ee\u0219i consilideze un portofoliu considerabil de proiecte \u0219i parteneriate de succes, cu impact ridicat, ad\u0103ug\u00e2nd valoare companiilor, organiza\u021biilor, institu\u021biilor \u0219i agen\u021biilor guvernamentale din \u021bar\u0103 \u0219i din str\u0103in\u0103tate. CWC ofer\u0103 servicii de consultan\u021b\u0103 la nivel \u00eenalt pentru o baz\u0103 divers\u0103 de clien\u021bi, at\u00e2t din sectorul public, c\u00e2t \u0219i din cel privat, de la \u00eentreprinderi private \u0219i \u00eentreprinderi sociale p\u00e2n\u0103 la institu\u021bii guvernamentale \u0219i agen\u021bii publice. CWC ofer\u0103 servicii \u00een dezvoltarea afacerilor; dezvoltare interna\u021bional\u0103; consultan\u021b\u0103; marketing \u0219i promovarea afacerilor; servicii IT \u0219i promovare \u00eentreprinderi web-based.\r\n<br> <br>\r\nContact: info@canarywharf-consulting.com <br>\r\nWebsite: <a href=\"https:\/\/www.canarywharf-consulting.com\/\">www.canarywharf-consulting.com<\/a> <\/p> \t\t\t\t\t\t\t\t\r\n\t\t\t\t\t\t\t<\/div>\r\n\t\t\t\t\t\t<\/div>\r\n\t\t\t\t\t<\/div>\r\n\t\t\t\t\t\r\n\t\t\t\t\t\t\t\t\t\t\t<\/div>\r\n\t\t\t\t\t\t<div class=\"wpsm_row\">\r\n\t\t\t\t\t\t\t\t\t\t\t\t\t\t \r\n\t\t\t\t\t\r\n\t\t\t\t\t\r\n\t\t\t\t\t<div class=\"wpsm_col-md-6 wpsm_col-sm-6  wpsm-col-div\">\r\n\t\t\t\t\t\t<div class=\"wpsm_team_2_member_wrapper\">\r\n\t\t\t\t\t\t\t<img decoding=\"async\" class=\"img-responsive wpsm_team_2_mem_img\" src=\"https:\/\/www.grace-initiative.eu\/wp-content\/uploads\/2021\/04\/NOVEL_LOGO-01-scaled.jpg\" alt=\"Novel Group S.\u00e0.r.l.\">\r\n\t\t\t\t\t\t\t<div class=\"wpsm_team_2_member_wrapper_inner\">\r\n\t\t\t\t\t\t\t\t<h3>\r\n\t\t\t\t\t\t\t\t\tNovel Group S.\u00e0.r.l.\t\t\t\t\t\t\t\t<\/h3>\r\n\t\t\t\t\t\t\t\t<span class=\"wpsm_team_2_b_desig\"> Luxembourg <\/span> \t\t\t\t\t\t\t\t<div class=\"wpsm_team_2_social_div\">\r\n\t\t\t\t\t\t\t\t\t<a href=\"https:\/\/www.facebook.com\/novelgroupsarl\" target=\"_blank\" title=\"facebook profile\"><i class=\"fa fa-facebook\"><\/i><\/a> \t\t\t\t\t\t\t\t\t\t\t\t\t\t\t\t\t\t\t\t\t\t\t\t\t\t\t\t\t\t\t\t\t\t\t<\/div>\r\n\t\t\t\t\t\t\t\t<p class=\"wpsm_team_2_b_desc\"> Novel Group este o companie de consultan\u021b\u0103, precum \u0219i un centru de formare profesional\u0103 care ofer\u0103 pachete integrate de servicii de formare profesional\u0103, promovarea angaj\u0103rii \u0219i dezvoltarea antreprenoriatului c\u0103tre organismele europene, na\u021bionale \u0219i locale, precum \u0219i c\u0103tre \u00eentreprinderile \u0219i organiza\u021biile private. \u00cen plus, Novel Group deruleaz\u0103 proiecte de cercetare, studiu, proiectare \u0219i implementare a strategiilor de afaceri IT, cu scopul de a cre\u0219te valoarea corporativ\u0103 a companiilor. Novel Group inten\u021bioneaz\u0103 s\u0103 dezvolte cuno\u0219tin\u021be \u0219i experien\u021b\u0103 cu un portofoliu bogat de servicii, \u00een diverse sectoare ale economiei locale \u0219i interna\u021bionale. Motto-ul s\u0103u, \u201edescoper\u0103-\u021bi abilit\u0103\u021bile\u201d, descrie obiectivele companiei. Novel Group investe\u0219te continuu \u00een cercetare \u0219i dezvoltare \u00een cadrul programelor \u0219i parteneriatelor interna\u021bionale, \u00een colaborare cu cercet\u0103tori externi exper\u021bi.\r\n<br> <br>\r\nContact: kkostakou@novelgroup.lu <br>\r\nWebsite: <a href=\"http:\/\/www.novelgroup.lu\/\">www.novelgroup.lu<\/a> <\/p> \t\t\t\t\t\t\t\t\r\n\t\t\t\t\t\t\t<\/div>\r\n\t\t\t\t\t\t<\/div>\r\n\t\t\t\t\t<\/div>\r\n\t\t\t\t\t\r\n\t\t\t\t\t\t\t\t\t\t\t\t\t \r\n\t\t\t\t\t\r\n\t\t\t\t\t\r\n\t\t\t\t\t<div class=\"wpsm_col-md-6 wpsm_col-sm-6  wpsm-col-div\">\r\n\t\t\t\t\t\t<div class=\"wpsm_team_2_member_wrapper\">\r\n\t\t\t\t\t\t\t<img decoding=\"async\" class=\"img-responsive wpsm_team_2_mem_img\" src=\"https:\/\/www.grace-initiative.eu\/wp-content\/uploads\/2021\/04\/LOGO-Aproximar_color.png\" alt=\"Aproximar- Cooperativa de Solidariedade Social, CRL\">\r\n\t\t\t\t\t\t\t<div class=\"wpsm_team_2_member_wrapper_inner\">\r\n\t\t\t\t\t\t\t\t<h3>\r\n\t\t\t\t\t\t\t\t\tAproximar- Cooperativa de Solidariedade Social, CRL\t\t\t\t\t\t\t\t<\/h3>\r\n\t\t\t\t\t\t\t\t<span class=\"wpsm_team_2_b_desig\"> Portugalia <\/span> \t\t\t\t\t\t\t\t<div class=\"wpsm_team_2_social_div\">\r\n\t\t\t\t\t\t\t\t\t<a href=\"https:\/\/www.facebook.com\/Aproximar\" target=\"_blank\" title=\"facebook profile\"><i class=\"fa fa-facebook\"><\/i><\/a> \t\t\t\t\t\t\t\t\t\t\t\t\t\t\t\t\t\t<a href=\"https:\/\/www.linkedin.com\/company\/aproximar-cooperativa-de-desenvolvimento-social-srl\/\" target=\"_blank\" title=\"linkedin profile\"><i class=\"fa fa-linkedin\"><\/i><\/a>\t\t\t\t\t\t\t\t\t<a href=\"https:\/\/www.instagram.com\/aproximar_\/\" target=\"_blank\" title=\"instagram profile\"><i class=\"fa fa-instagram\"><\/i><\/a>\t\t\t\t\t\t\t\t<\/div>\r\n\t\t\t\t\t\t\t\t<p class=\"wpsm_team_2_b_desc\"> Aproximar este un ONG non-profit care \u00ee\u0219i propune s\u0103 consolideze capitalul social \u0219i uman al organiza\u021biilor ca strategie de \u00eembun\u0103t\u0103\u021bire a capacit\u0103\u021bii acestora de a profita de provoc\u0103rile \u0219i oportunit\u0103\u021bile ridicate de condi\u021biile externe. \u00cen \u00eendeplinirea misiunii sale Aproximar organizeaz\u0103 \u0219i gestioneaz\u0103 trasee personale, sociale, profesionale \u0219i organiza\u021bionale prin intermediul proiectelor de inovare personalizate \u0219i sociale, a transferului \u0219i disemin\u0103rii bunelor practici. Domeniile noastre de expertiz\u0103 sunt mentoratul, coaching-ul, str\u00e2ngerea de fonduri, managementul calit\u0103\u021bii totale, sprijinul social, voluntariatul, formarea, proiectarea, procesele de inovare social\u0103 (dezvoltarea de produse noi, programe personalizate \u0219i transferul de bune practici). Programele combin\u0103 \u00eentotdeauna \u0219tiin\u021bele sociale (cuno\u0219tin\u021be), metodele active (oameni) \u0219i instrumentele adecvate (tehnologie).\r\n<br> <br>\r\nContact: add email <br>\r\nWebsite: <a href=\"https:\/\/www.aproximar.pt\/\">www.aproximar.pt<\/a> <\/p> \t\t\t\t\t\t\t\t\r\n\t\t\t\t\t\t\t<\/div>\r\n\t\t\t\t\t\t<\/div>\r\n\t\t\t\t\t<\/div>\r\n\t\t\t\t\t\r\n\t\t\t\t\t\t\t\t\t\t\t<\/div>\r\n\t\t\t\t\t\t<div class=\"wpsm_row\">\r\n\t\t\t\t\t\t\t\t\t\t\t\t\t\t \r\n\t\t\t\t\t\r\n\t\t\t\t\t\r\n\t\t\t\t\t<div class=\"wpsm_col-md-6 wpsm_col-sm-6  wpsm-col-div\">\r\n\t\t\t\t\t\t<div class=\"wpsm_team_2_member_wrapper\">\r\n\t\t\t\t\t\t\t<img decoding=\"async\" class=\"img-responsive wpsm_team_2_mem_img\" src=\"https:\/\/www.grace-initiative.eu\/wp-content\/uploads\/2023\/01\/KMOP_logo_new.png\" alt=\"KMOP Education Hub\">\r\n\t\t\t\t\t\t\t<div class=\"wpsm_team_2_member_wrapper_inner\">\r\n\t\t\t\t\t\t\t\t<h3>\r\n\t\t\t\t\t\t\t\t\tKMOP Education Hub\t\t\t\t\t\t\t\t<\/h3>\r\n\t\t\t\t\t\t\t\t<span class=\"wpsm_team_2_b_desig\"> Grecia <\/span> \t\t\t\t\t\t\t\t<div class=\"wpsm_team_2_social_div\">\r\n\t\t\t\t\t\t\t\t\t\t\t\t\t\t\t\t\t\t\t\t\t\t\t\t\t\t\t\t\t\t\t\t\t\t\t\t\t\t\t\t\t\t\t\t<\/div>\r\n\t\t\t\t\t\t\t\t<p class=\"wpsm_team_2_b_desc\"> KMOP este o organiza\u021bie greac\u0103 non-profit, \u00eenfiin\u021bat\u0103 \u00een 2006, cu scopul de a \u00eembun\u0103t\u0103\u021bi oportunit\u0103\u021bile educa\u021bionale \u0219i, ulterior, integrarea pe pia\u021ba muncii, mobilizarea social\u0103 \u0219i incluziunea popula\u021biei defavorizate. Aliniat la Obiectivele de Dezvoltare Durabil\u0103 pentru educa\u021bie incluziv\u0103, echitabil\u0103 de calitate \u0219i cre\u0219tere incluziv\u0103 pentru to\u021bi, KMOP dezvolt\u0103 servicii \u0219i solu\u021bii educa\u021bionale inovatoare pentru educa\u021bia \u0219i \u00eenv\u0103\u021barea pe tot parcursul vie\u021bii a beneficiarilor s\u0103i, folosind instrumente de ultim\u0103 genera\u021bie. \u00cen paralel, KMOP realizeaz\u0103 studii \u0219i anchete legate de nevoile pie\u021bei muncii \u0219i leg\u0103tura acestora cu educa\u021bia.\r\n<br> <br>\r\nContact: education-hub@kmop.org <br>\r\nWebsite: <a href=\"https:\/\/education-hub.kmop.org\/\" target=\"_blank\">www.education-hub.kmop.org\/<\/a> <\/p> \t\t\t\t\t\t\t\t\r\n\t\t\t\t\t\t\t<\/div>\r\n\t\t\t\t\t\t<\/div>\r\n\t\t\t\t\t<\/div>\r\n\t\t\t\t\t\r\n\t\t\t\t\t\t\t\t\t\t\t\t\r\n\t\t<\/div>\r\n\t<\/div>\r\n\r\n\t\n","protected":false},"excerpt":{"rendered":"","protected":false},"author":1,"featured_media":0,"parent":0,"menu_order":54,"comment_status":"closed","ping_status":"closed","template":"","meta":{"neve_meta_sidebar":"full-width","neve_meta_container":"","neve_meta_enable_content_width":"on","neve_meta_content_width":100,"neve_meta_title_alignment":"","neve_meta_author_avatar":"","neve_post_elements_order":"","neve_meta_disable_header":"","neve_meta_disable_footer":"","neve_meta_disable_title":"","footnotes":""},"class_list":["post-145","page","type-page","status-publish","hentry"],"_links":{"self":[{"href":"https:\/\/www.grace-initiative.eu\/index.php?rest_route=\/wp\/v2\/pages\/145","targetHints":{"allow":["GET"]}}],"collection":[{"href":"https:\/\/www.grace-initiative.eu\/index.php?rest_route=\/wp\/v2\/pages"}],"about":[{"href":"https:\/\/www.grace-initiative.eu\/index.php?rest_route=\/wp\/v2\/types\/page"}],"author":[{"embeddable":true,"href":"https:\/\/www.grace-initiative.eu\/index.php?rest_route=\/wp\/v2\/users\/1"}],"replies":[{"embeddable":true,"href":"https:\/\/www.grace-initiative.eu\/index.php?rest_route=%2Fwp%2Fv2%2Fcomments&post=145"}],"version-history":[{"count":3,"href":"https:\/\/www.grace-initiative.eu\/index.php?rest_route=\/wp\/v2\/pages\/145\/revisions"}],"predecessor-version":[{"id":532,"href":"https:\/\/www.grace-initiative.eu\/index.php?rest_route=\/wp\/v2\/pages\/145\/revisions\/532"}],"wp:attachment":[{"href":"https:\/\/www.grace-initiative.eu\/index.php?rest_route=%2Fwp%2Fv2%2Fmedia&parent=145"}],"curies":[{"name":"wp","href":"https:\/\/api.w.org\/{rel}","templated":true}]}}