{"id":139,"date":"2021-03-05T14:26:34","date_gmt":"2021-03-05T14:26:34","guid":{"rendered":"https:\/\/www.grace-initiative.eu\/?page_id=139"},"modified":"2021-06-14T14:58:56","modified_gmt":"2021-06-14T14:58:56","slug":"proiectul","status":"publish","type":"page","link":"https:\/\/www.grace-initiative.eu\/?page_id=139&lang=ro","title":{"rendered":"Despre proiect"},"content":{"rendered":"\t\t<div data-elementor-type=\"wp-page\" data-elementor-id=\"139\" class=\"elementor elementor-139\">\n\t\t\t\t\t\t<section class=\"elementor-section elementor-top-section elementor-element elementor-element-393eb52 elementor-section-boxed elementor-section-height-default elementor-section-height-default\" data-id=\"393eb52\" data-element_type=\"section\">\n\t\t\t\t\t\t<div class=\"elementor-container elementor-column-gap-default\">\n\t\t\t\t\t<div class=\"elementor-column elementor-col-100 elementor-top-column elementor-element elementor-element-8a5d733\" data-id=\"8a5d733\" data-element_type=\"column\">\n\t\t\t<div class=\"elementor-widget-wrap elementor-element-populated\">\n\t\t\t\t\t\t<div class=\"elementor-element elementor-element-61f4927 elementor-widget elementor-widget-spacer\" data-id=\"61f4927\" data-element_type=\"widget\" data-widget_type=\"spacer.default\">\n\t\t\t\t<div class=\"elementor-widget-container\">\n\t\t\t\t\t\t\t<div class=\"elementor-spacer\">\n\t\t\t<div class=\"elementor-spacer-inner\"><\/div>\n\t\t<\/div>\n\t\t\t\t\t\t<\/div>\n\t\t\t\t<\/div>\n\t\t\t\t\t<\/div>\n\t\t<\/div>\n\t\t\t\t\t<\/div>\n\t\t<\/section>\n\t\t\t\t<section class=\"elementor-section elementor-top-section elementor-element elementor-element-8e32ea7 elementor-section-boxed elementor-section-height-default elementor-section-height-default\" data-id=\"8e32ea7\" data-element_type=\"section\">\n\t\t\t\t\t\t<div class=\"elementor-container elementor-column-gap-default\">\n\t\t\t\t\t<div class=\"elementor-column elementor-col-100 elementor-top-column elementor-element elementor-element-d51395a\" data-id=\"d51395a\" data-element_type=\"column\">\n\t\t\t<div class=\"elementor-widget-wrap elementor-element-populated\">\n\t\t\t\t\t\t<div class=\"elementor-element elementor-element-8dadc2e elementor-widget elementor-widget-heading\" data-id=\"8dadc2e\" data-element_type=\"widget\" data-widget_type=\"heading.default\">\n\t\t\t\t<div class=\"elementor-widget-container\">\n\t\t\t\t\t<h1 class=\"elementor-heading-title elementor-size-default\">Despre  proiect<\/h1>\t\t\t\t<\/div>\n\t\t\t\t<\/div>\n\t\t\t\t\t<\/div>\n\t\t<\/div>\n\t\t\t\t\t<\/div>\n\t\t<\/section>\n\t\t\t\t<section class=\"elementor-section elementor-top-section elementor-element elementor-element-0c97c4a elementor-section-boxed elementor-section-height-default elementor-section-height-default\" data-id=\"0c97c4a\" data-element_type=\"section\">\n\t\t\t\t\t\t<div class=\"elementor-container elementor-column-gap-default\">\n\t\t\t\t\t<div class=\"elementor-column elementor-col-100 elementor-top-column elementor-element elementor-element-f4f9ae5\" data-id=\"f4f9ae5\" data-element_type=\"column\">\n\t\t\t<div class=\"elementor-widget-wrap elementor-element-populated\">\n\t\t\t\t\t\t<div class=\"elementor-element elementor-element-c514245 elementor-widget elementor-widget-text-editor\" data-id=\"c514245\" data-element_type=\"widget\" data-widget_type=\"text-editor.default\">\n\t\t\t\t<div class=\"elementor-widget-container\">\n\t\t\t\t\t\t\t\t\t<p style=\"text-align: center;\">Baz\u00e2ndu-se pe modelul tradi\u021bional de afaceri care favorizeaz\u0103 comunicarea fa\u021b\u0103 \u00een fa\u021b\u0103 cu clientul, micro\u00eentreprinderile au fost profund afectate \u0219i nu au fost preg\u0103tite s\u0103 gestioneze schimb\u0103rile cauzate de COVID-19. Cu toate acestea, pandemia a eviden\u021biat lipsa deja existent\u0103 de competen\u021be digitale care pune aceste afaceri mici \u00eentr-o pozi\u021bie dezavantajat\u0103, le scade competitivitatea \u0219i le va conduce la excluderea de la oportunit\u0103\u021bile erei digitale.<\/p><p style=\"text-align: center;\">Proiectul GRACE este orientat \u00een mod inerent c\u0103tre minimizarea barierelor de acces la formarea profesional\u0103, deoarece construie\u0219te o experien\u021b\u0103 complet\u0103 de formare online.<\/p><p style=\"text-align: center;\">Parteneriatul va lua toate m\u0103surile necesare pentru a asigura accesibilitatea \u0219i participarea activ\u0103 a tuturor beneficiarilor la activit\u0103\u021bile sale \u0219i va adopta solu\u021bii, dup\u0103 caz.<\/p>\t\t\t\t\t\t\t\t<\/div>\n\t\t\t\t<\/div>\n\t\t\t\t\t<\/div>\n\t\t<\/div>\n\t\t\t\t\t<\/div>\n\t\t<\/section>\n\t\t\t\t<section class=\"elementor-section elementor-top-section elementor-element elementor-element-3434599 elementor-section-boxed elementor-section-height-default elementor-section-height-default\" data-id=\"3434599\" data-element_type=\"section\">\n\t\t\t\t\t\t<div class=\"elementor-container elementor-column-gap-default\">\n\t\t\t\t\t<div class=\"elementor-column elementor-col-100 elementor-top-column elementor-element elementor-element-c40c6a0\" data-id=\"c40c6a0\" data-element_type=\"column\">\n\t\t\t<div class=\"elementor-widget-wrap elementor-element-populated\">\n\t\t\t\t\t\t<div class=\"elementor-element elementor-element-050d629 elementor-widget-divider--view-line elementor-widget elementor-widget-divider\" data-id=\"050d629\" data-element_type=\"widget\" data-widget_type=\"divider.default\">\n\t\t\t\t<div class=\"elementor-widget-container\">\n\t\t\t\t\t\t\t<div class=\"elementor-divider\">\n\t\t\t<span class=\"elementor-divider-separator\">\n\t\t\t\t\t\t<\/span>\n\t\t<\/div>\n\t\t\t\t\t\t<\/div>\n\t\t\t\t<\/div>\n\t\t\t\t\t<\/div>\n\t\t<\/div>\n\t\t\t\t\t<\/div>\n\t\t<\/section>\n\t\t\t\t<section class=\"elementor-section elementor-top-section elementor-element elementor-element-6f121b3 elementor-section-boxed elementor-section-height-default elementor-section-height-default\" data-id=\"6f121b3\" data-element_type=\"section\">\n\t\t\t\t\t\t<div class=\"elementor-container elementor-column-gap-default\">\n\t\t\t\t\t<div class=\"elementor-column elementor-col-100 elementor-top-column elementor-element elementor-element-b86de22\" data-id=\"b86de22\" data-element_type=\"column\">\n\t\t\t<div class=\"elementor-widget-wrap elementor-element-populated\">\n\t\t\t\t\t\t<div class=\"elementor-element elementor-element-4e26191 elementor-widget elementor-widget-heading\" data-id=\"4e26191\" data-element_type=\"widget\" data-widget_type=\"heading.default\">\n\t\t\t\t<div class=\"elementor-widget-container\">\n\t\t\t\t\t<h2 class=\"elementor-heading-title elementor-size-default\">Grupul \u021bint\u0103 direct<\/h2>\t\t\t\t<\/div>\n\t\t\t\t<\/div>\n\t\t\t\t\t<\/div>\n\t\t<\/div>\n\t\t\t\t\t<\/div>\n\t\t<\/section>\n\t\t\t\t<section class=\"elementor-section elementor-top-section elementor-element elementor-element-9e52da9 elementor-section-boxed elementor-section-height-default elementor-section-height-default\" data-id=\"9e52da9\" data-element_type=\"section\">\n\t\t\t\t\t\t<div class=\"elementor-container elementor-column-gap-default\">\n\t\t\t\t\t<div class=\"elementor-column elementor-col-100 elementor-top-column elementor-element elementor-element-91a7dd6\" data-id=\"91a7dd6\" data-element_type=\"column\">\n\t\t\t<div class=\"elementor-widget-wrap elementor-element-populated\">\n\t\t\t\t\t\t<div class=\"elementor-element elementor-element-364982f elementor-align-center elementor-icon-list--layout-traditional elementor-list-item-link-full_width elementor-widget elementor-widget-icon-list\" data-id=\"364982f\" data-element_type=\"widget\" data-widget_type=\"icon-list.default\">\n\t\t\t\t<div class=\"elementor-widget-container\">\n\t\t\t\t\t\t\t<ul class=\"elementor-icon-list-items\">\n\t\t\t\t\t\t\t<li class=\"elementor-icon-list-item\">\n\t\t\t\t\t\t\t\t\t\t\t<span class=\"elementor-icon-list-icon\">\n\t\t\t\t\t\t\t<i aria-hidden=\"true\" class=\"fas fa-star\"><\/i>\t\t\t\t\t\t<\/span>\n\t\t\t\t\t\t\t\t\t\t<span class=\"elementor-icon-list-text\">Micro\u00eentreprinderi culturale \u0219i creative, din special \u00een regiunile turistice<\/span>\n\t\t\t\t\t\t\t\t\t<\/li>\n\t\t\t\t\t\t\t\t<li class=\"elementor-icon-list-item\">\n\t\t\t\t\t\t\t\t\t\t\t<span class=\"elementor-icon-list-icon\">\n\t\t\t\t\t\t\t<i aria-hidden=\"true\" class=\"far fa-star\"><\/i>\t\t\t\t\t\t<\/span>\n\t\t\t\t\t\t\t\t\t\t<span class=\"elementor-icon-list-text\">Antreprenorii \u0219i personalul acestor micro-afaceri<\/span>\n\t\t\t\t\t\t\t\t\t<\/li>\n\t\t\t\t\t\t<\/ul>\n\t\t\t\t\t\t<\/div>\n\t\t\t\t<\/div>\n\t\t\t\t\t<\/div>\n\t\t<\/div>\n\t\t\t\t\t<\/div>\n\t\t<\/section>\n\t\t\t\t<section class=\"elementor-section elementor-top-section elementor-element elementor-element-c4cf0d9 elementor-section-boxed elementor-section-height-default elementor-section-height-default\" data-id=\"c4cf0d9\" data-element_type=\"section\">\n\t\t\t\t\t\t<div class=\"elementor-container elementor-column-gap-default\">\n\t\t\t\t\t<div class=\"elementor-column elementor-col-100 elementor-top-column elementor-element elementor-element-9856ff9\" data-id=\"9856ff9\" data-element_type=\"column\">\n\t\t\t<div class=\"elementor-widget-wrap elementor-element-populated\">\n\t\t\t\t\t\t<div class=\"elementor-element elementor-element-920f979 elementor-widget elementor-widget-image\" data-id=\"920f979\" data-element_type=\"widget\" data-widget_type=\"image.default\">\n\t\t\t\t<div class=\"elementor-widget-container\">\n\t\t\t\t\t\t\t\t\t\t\t\t\t\t\t<img fetchpriority=\"high\" decoding=\"async\" width=\"768\" height=\"512\" src=\"https:\/\/www.grace-initiative.eu\/wp-content\/uploads\/2021\/04\/business_tree-4-768x512.jpg\" class=\"attachment-medium_large size-medium_large wp-image-428\" alt=\"\" srcset=\"https:\/\/www.grace-initiative.eu\/wp-content\/uploads\/2021\/04\/business_tree-4-768x512.jpg 768w, https:\/\/www.grace-initiative.eu\/wp-content\/uploads\/2021\/04\/business_tree-4-300x200.jpg 300w, https:\/\/www.grace-initiative.eu\/wp-content\/uploads\/2021\/04\/business_tree-4-1024x683.jpg 1024w, https:\/\/www.grace-initiative.eu\/wp-content\/uploads\/2021\/04\/business_tree-4-1536x1024.jpg 1536w, https:\/\/www.grace-initiative.eu\/wp-content\/uploads\/2021\/04\/business_tree-4-930x620.jpg 930w, https:\/\/www.grace-initiative.eu\/wp-content\/uploads\/2021\/04\/business_tree-4.jpg 1920w\" sizes=\"(max-width: 768px) 100vw, 768px\" \/>\t\t\t\t\t\t\t\t\t\t\t\t\t\t\t<\/div>\n\t\t\t\t<\/div>\n\t\t\t\t\t<\/div>\n\t\t<\/div>\n\t\t\t\t\t<\/div>\n\t\t<\/section>\n\t\t\t\t<\/div>\n\t\t","protected":false},"excerpt":{"rendered":"<p>Despre proiect Baz\u00e2ndu-se pe modelul tradi\u021bional de afaceri care favorizeaz\u0103 comunicarea fa\u021b\u0103 \u00een fa\u021b\u0103 cu clientul, micro\u00eentreprinderile au fost profund afectate \u0219i nu au fost preg\u0103tite s\u0103 gestioneze schimb\u0103rile cauzate de COVID-19. Cu toate acestea, pandemia a eviden\u021biat lipsa deja existent\u0103 de competen\u021be digitale care pune aceste afaceri mici \u00eentr-o pozi\u021bie dezavantajat\u0103, le scade competitivitatea&hellip;&nbsp;<a href=\"https:\/\/www.grace-initiative.eu\/?page_id=139&#038;lang=ro\" rel=\"bookmark\">Read More &raquo;<span class=\"screen-reader-text\">Despre proiect<\/span><\/a><\/p>\n","protected":false},"author":1,"featured_media":0,"parent":0,"menu_order":24,"comment_status":"closed","ping_status":"closed","template":"page-templates\/template-pagebuilder-full-width.php","meta":{"neve_meta_sidebar":"full-width","neve_meta_container":"","neve_meta_enable_content_width":"on","neve_meta_content_width":100,"neve_meta_title_alignment":"","neve_meta_author_avatar":"","neve_post_elements_order":"","neve_meta_disable_header":"","neve_meta_disable_footer":"","neve_meta_disable_title":"","footnotes":""},"class_list":["post-139","page","type-page","status-publish","hentry"],"_links":{"self":[{"href":"https:\/\/www.grace-initiative.eu\/index.php?rest_route=\/wp\/v2\/pages\/139","targetHints":{"allow":["GET"]}}],"collection":[{"href":"https:\/\/www.grace-initiative.eu\/index.php?rest_route=\/wp\/v2\/pages"}],"about":[{"href":"https:\/\/www.grace-initiative.eu\/index.php?rest_route=\/wp\/v2\/types\/page"}],"author":[{"embeddable":true,"href":"https:\/\/www.grace-initiative.eu\/index.php?rest_route=\/wp\/v2\/users\/1"}],"replies":[{"embeddable":true,"href":"https:\/\/www.grace-initiative.eu\/index.php?rest_route=%2Fwp%2Fv2%2Fcomments&post=139"}],"version-history":[{"count":9,"href":"https:\/\/www.grace-initiative.eu\/index.php?rest_route=\/wp\/v2\/pages\/139\/revisions"}],"predecessor-version":[{"id":517,"href":"https:\/\/www.grace-initiative.eu\/index.php?rest_route=\/wp\/v2\/pages\/139\/revisions\/517"}],"wp:attachment":[{"href":"https:\/\/www.grace-initiative.eu\/index.php?rest_route=%2Fwp%2Fv2%2Fmedia&parent=139"}],"curies":[{"name":"wp","href":"https:\/\/api.w.org\/{rel}","templated":true}]}}

<div data-elementor-type="wp-page" data-elementor-id="139" class="elementor elementor-139">
						<section class="elementor-section elementor-top-section elementor-element elementor-element-393eb52 elementor-section-boxed elementor-section-height-default elementor-section-height-default" data-id="393eb52" data-element_type="section">
						<div class="elementor-container elementor-column-gap-default">
					<div class="elementor-column elementor-col-100 elementor-top-column elementor-element elementor-element-8a5d733" data-id="8a5d733" data-element_type="column">
			<div class="elementor-widget-wrap elementor-element-populated">
						<div class="elementor-element elementor-element-61f4927 elementor-widget elementor-widget-spacer" data-id="61f4927" data-element_type="widget" data-widget_type="spacer.default">
				<div class="elementor-widget-container">
							<div class="elementor-spacer">
			<div class="elementor-spacer-inner"></div>
		</div>
						</div>
				</div>
					</div>
		</div>
					</div>
		</section>
				<section class="elementor-section elementor-top-section elementor-element elementor-element-8e32ea7 elementor-section-boxed elementor-section-height-default elementor-section-height-default" data-id="8e32ea7" data-element_type="section">
						<div class="elementor-container elementor-column-gap-default">
					<div class="elementor-column elementor-col-100 elementor-top-column elementor-element elementor-element-d51395a" data-id="d51395a" data-element_type="column">
			<div class="elementor-widget-wrap elementor-element-populated">
						<div class="elementor-element elementor-element-8dadc2e elementor-widget elementor-widget-heading" data-id="8dadc2e" data-element_type="widget" data-widget_type="heading.default">
				<div class="elementor-widget-container">
					<h1 class="elementor-heading-title elementor-size-default">Despre  proiect</h1>				</div>
				</div>
					</div>
		</div>
					</div>
		</section>
				<section class="elementor-section elementor-top-section elementor-element elementor-element-0c97c4a elementor-section-boxed elementor-section-height-default elementor-section-height-default" data-id="0c97c4a" data-element_type="section">
						<div class="elementor-container elementor-column-gap-default">
					<div class="elementor-column elementor-col-100 elementor-top-column elementor-element elementor-element-f4f9ae5" data-id="f4f9ae5" data-element_type="column">
			<div class="elementor-widget-wrap elementor-element-populated">
						<div class="elementor-element elementor-element-c514245 elementor-widget elementor-widget-text-editor" data-id="c514245" data-element_type="widget" data-widget_type="text-editor.default">
				<div class="elementor-widget-container">
									<p style="text-align: center;">Bazându-se pe modelul tradițional de afaceri care favorizează comunicarea față în față cu clientul, microîntreprinderile au fost profund afectate și nu au fost pregătite să gestioneze schimbările cauzate de COVID-19. Cu toate acestea, pandemia a evidențiat lipsa deja existentă de competențe digitale care pune aceste afaceri mici într-o poziție dezavantajată, le scade competitivitatea și le va conduce la excluderea de la oportunitățile erei digitale.</p><p style="text-align: center;">Proiectul GRACE este orientat în mod inerent către minimizarea barierelor de acces la formarea profesională, deoarece construiește o experiență completă de formare online.</p><p style="text-align: center;">Parteneriatul va lua toate măsurile necesare pentru a asigura accesibilitatea și participarea activă a tuturor beneficiarilor la activitățile sale și va adopta soluții, după caz.</p>								</div>
				</div>
					</div>
		</div>
					</div>
		</section>
				<section class="elementor-section elementor-top-section elementor-element elementor-element-3434599 elementor-section-boxed elementor-section-height-default elementor-section-height-default" data-id="3434599" data-element_type="section">
						<div class="elementor-container elementor-column-gap-default">
					<div class="elementor-column elementor-col-100 elementor-top-column elementor-element elementor-element-c40c6a0" data-id="c40c6a0" data-element_type="column">
			<div class="elementor-widget-wrap elementor-element-populated">
						<div class="elementor-element elementor-element-050d629 elementor-widget-divider--view-line elementor-widget elementor-widget-divider" data-id="050d629" data-element_type="widget" data-widget_type="divider.default">
				<div class="elementor-widget-container">
							<div class="elementor-divider">
			<span class="elementor-divider-separator">
						</span>
		</div>
						</div>
				</div>
					</div>
		</div>
					</div>
		</section>
				<section class="elementor-section elementor-top-section elementor-element elementor-element-6f121b3 elementor-section-boxed elementor-section-height-default elementor-section-height-default" data-id="6f121b3" data-element_type="section">
						<div class="elementor-container elementor-column-gap-default">
					<div class="elementor-column elementor-col-100 elementor-top-column elementor-element elementor-element-b86de22" data-id="b86de22" data-element_type="column">
			<div class="elementor-widget-wrap elementor-element-populated">
						<div class="elementor-element elementor-element-4e26191 elementor-widget elementor-widget-heading" data-id="4e26191" data-element_type="widget" data-widget_type="heading.default">
				<div class="elementor-widget-container">
					<h2 class="elementor-heading-title elementor-size-default">Grupul țintă direct</h2>				</div>
				</div>
					</div>
		</div>
					</div>
		</section>
				<section class="elementor-section elementor-top-section elementor-element elementor-element-9e52da9 elementor-section-boxed elementor-section-height-default elementor-section-height-default" data-id="9e52da9" data-element_type="section">
						<div class="elementor-container elementor-column-gap-default">
					<div class="elementor-column elementor-col-100 elementor-top-column elementor-element elementor-element-91a7dd6" data-id="91a7dd6" data-element_type="column">
			<div class="elementor-widget-wrap elementor-element-populated">
						<div class="elementor-element elementor-element-364982f elementor-align-center elementor-icon-list--layout-traditional elementor-list-item-link-full_width elementor-widget elementor-widget-icon-list" data-id="364982f" data-element_type="widget" data-widget_type="icon-list.default">
				<div class="elementor-widget-container">
							<ul class="elementor-icon-list-items">
							<li class="elementor-icon-list-item">
											<span class="elementor-icon-list-icon">
							<i aria-hidden="true" class="fas fa-star"></i>						</span>
										<span class="elementor-icon-list-text">Microîntreprinderi culturale și creative, din special în regiunile turistice</span>
									</li>
								<li class="elementor-icon-list-item">
											<span class="elementor-icon-list-icon">
							<i aria-hidden="true" class="far fa-star"></i>						</span>
										<span class="elementor-icon-list-text">Antreprenorii și personalul acestor micro-afaceri</span>
									</li>
						</ul>
						</div>
				</div>
					</div>
		</div>
					</div>
		</section>
				<section class="elementor-section elementor-top-section elementor-element elementor-element-c4cf0d9 elementor-section-boxed elementor-section-height-default elementor-section-height-default" data-id="c4cf0d9" data-element_type="section">
						<div class="elementor-container elementor-column-gap-default">
					<div class="elementor-column elementor-col-100 elementor-top-column elementor-element elementor-element-9856ff9" data-id="9856ff9" data-element_type="column">
			<div class="elementor-widget-wrap elementor-element-populated">
						<div class="elementor-element elementor-element-920f979 elementor-widget elementor-widget-image" data-id="920f979" data-element_type="widget" data-widget_type="image.default">
				<div class="elementor-widget-container">
															<img fetchpriority="high" decoding="async" width="768" height="512" src="https://www.grace-initiative.eu/wp-content/uploads/2021/04/business_tree-4-768x512.jpg" class="attachment-medium_large size-medium_large wp-image-428" alt="" srcset="https://www.grace-initiative.eu/wp-content/uploads/2021/04/business_tree-4-768x512.jpg 768w, https://www.grace-initiative.eu/wp-content/uploads/2021/04/business_tree-4-300x200.jpg 300w, https://www.grace-initiative.eu/wp-content/uploads/2021/04/business_tree-4-1024x683.jpg 1024w, https://www.grace-initiative.eu/wp-content/uploads/2021/04/business_tree-4-1536x1024.jpg 1536w, https://www.grace-initiative.eu/wp-content/uploads/2021/04/business_tree-4-930x620.jpg 930w, https://www.grace-initiative.eu/wp-content/uploads/2021/04/business_tree-4.jpg 1920w" sizes="(max-width: 768px) 100vw, 768px" />															</div>
				</div>
					</div>
		</div>
					</div>
		</section>
				</div>

<p>Despre proiect Bazându-se pe modelul tradițional de afaceri care favorizează comunicarea față în față cu clientul, microîntreprinderile au fost profund afectate și nu au fost pregătite să gestioneze schimbările cauzate de COVID-19. Cu toate acestea, pandemia a evidențiat lipsa deja existentă de competențe digitale care pune aceste afaceri mici într-o poziție dezavantajată, le scade competitivitatea&hellip;&nbsp;<a href="https://www.grace-initiative.eu/?page_id=139&#038;lang=ro" rel="bookmark">Read More &raquo;<span class="screen-reader-text">Despre proiect</span></a></p>
